{"id":141,"date":"2025-11-04T22:40:22","date_gmt":"2025-11-04T22:40:22","guid":{"rendered":"https:\/\/mariabosquesenero.es\/?page_id=141"},"modified":"2025-11-09T15:39:23","modified_gmt":"2025-11-09T15:39:23","slug":"gestion-de-la-comunicacion","status":"publish","type":"page","link":"https:\/\/mariabosquesenero.es\/?page_id=141","title":{"rendered":"Gesti\u00f3n de la Comunicaci\u00f3n"},"content":{"rendered":"\nGesti\u00f3n de la comunicaci\u00f3n institucional y de empresas, tanto interna como externa. Formaci\u00f3n en comunicaci\u00f3n. <br>Servicio de redacci\u00f3n de notas de prensa. <br>Organizaci\u00f3n de encuentros con medios de comunicaci\u00f3n.<br>Agenda de medios propia. <br>Protocolo.<br>Dise\u00f1o y Maquetaci\u00f3n de material corporativo (folletos, tarjetas de visita, roll up, memorias anuales, revistas)<br>\n\n\n\n<figure class=\"wp-block-image\"><img fetchpriority=\"high\" decoding=\"async\" width=\"2560\" height=\"2560\" src=\"https:\/\/mariabosquesenero.es\/wp-content\/uploads\/2025\/11\/ElDiario.es-I-10-scaled.jpg\" alt=\"\" class=\"wp-image-69\" srcset=\"https:\/\/mariabosquesenero.es\/wp-content\/uploads\/2025\/11\/ElDiario.es-I-10-scaled.jpg 2560w, https:\/\/mariabosquesenero.es\/wp-content\/uploads\/2025\/11\/ElDiario.es-I-10-300x300.jpg 300w, https:\/\/mariabosquesenero.es\/wp-content\/uploads\/2025\/11\/ElDiario.es-I-10-1024x1024.jpg 1024w, https:\/\/mariabosquesenero.es\/wp-content\/uploads\/2025\/11\/ElDiario.es-I-10-150x150.jpg 150w, https:\/\/mariabosquesenero.es\/wp-content\/uploads\/2025\/11\/ElDiario.es-I-10-768x768.jpg 768w, https:\/\/mariabosquesenero.es\/wp-content\/uploads\/2025\/11\/ElDiario.es-I-10-1536x1536.jpg 1536w, https:\/\/mariabosquesenero.es\/wp-content\/uploads\/2025\/11\/ElDiario.es-I-10-2048x2048.jpg 2048w\" sizes=\"(max-width: 2560px) 100vw, 2560px\" \/><\/figure>\n","protected":false},"excerpt":{"rendered":"","protected":false},"author":1,"featured_media":0,"parent":0,"menu_order":0,"comment_status":"closed","ping_status":"closed","template":"","meta":{"pagelayer_contact_templates":[],"_pagelayer_content":"","footnotes":""},"class_list":["post-141","page","type-page","status-publish","hentry"],"_links":{"self":[{"href":"https:\/\/mariabosquesenero.es\/index.php?rest_route=\/wp\/v2\/pages\/141","targetHints":{"allow":["GET"]}}],"collection":[{"href":"https:\/\/mariabosquesenero.es\/index.php?rest_route=\/wp\/v2\/pages"}],"about":[{"href":"https:\/\/mariabosquesenero.es\/index.php?rest_route=\/wp\/v2\/types\/page"}],"author":[{"embeddable":true,"href":"https:\/\/mariabosquesenero.es\/index.php?rest_route=\/wp\/v2\/users\/1"}],"replies":[{"embeddable":true,"href":"https:\/\/mariabosquesenero.es\/index.php?rest_route=%2Fwp%2Fv2%2Fcomments&post=141"}],"version-history":[{"count":6,"href":"https:\/\/mariabosquesenero.es\/index.php?rest_route=\/wp\/v2\/pages\/141\/revisions"}],"predecessor-version":[{"id":246,"href":"https:\/\/mariabosquesenero.es\/index.php?rest_route=\/wp\/v2\/pages\/141\/revisions\/246"}],"wp:attachment":[{"href":"https:\/\/mariabosquesenero.es\/index.php?rest_route=%2Fwp%2Fv2%2Fmedia&parent=141"}],"curies":[{"name":"wp","href":"https:\/\/api.w.org\/{rel}","templated":true}]}}

Gestión de la Comunicación

Gestión de la comunicación institucional y de empresas, tanto interna como externa. Formación en comunicación. <br>Servicio de redacción de notas de prensa. <br>Organización de encuentros con medios de comunicación.<br>Agenda de medios propia. <br>Protocolo.<br>Diseño y Maquetación de material corporativo (folletos, tarjetas de visita, roll up, memorias anuales, revistas)<br>



<figure class="wp-block-image"><img fetchpriority="high" decoding="async" width="2560" height="2560" src="https://mariabosquesenero.es/wp-content/uploads/2025/11/ElDiario.es-I-10-scaled.jpg" alt="" class="wp-image-69" srcset="https://mariabosquesenero.es/wp-content/uploads/2025/11/ElDiario.es-I-10-scaled.jpg 2560w, https://mariabosquesenero.es/wp-content/uploads/2025/11/ElDiario.es-I-10-300x300.jpg 300w, https://mariabosquesenero.es/wp-content/uploads/2025/11/ElDiario.es-I-10-1024x1024.jpg 1024w, https://mariabosquesenero.es/wp-content/uploads/2025/11/ElDiario.es-I-10-150x150.jpg 150w, https://mariabosquesenero.es/wp-content/uploads/2025/11/ElDiario.es-I-10-768x768.jpg 768w, https://mariabosquesenero.es/wp-content/uploads/2025/11/ElDiario.es-I-10-1536x1536.jpg 1536w, https://mariabosquesenero.es/wp-content/uploads/2025/11/ElDiario.es-I-10-2048x2048.jpg 2048w" sizes="(max-width: 2560px) 100vw, 2560px" /></figure>
